at is -1eca (base 16) in base 12?
-468a
62043 (base 8) to base 12
12a03
Convert 2564 (base 9) to base 3.
2122011
-8213 (base 11) to base 3
-112221212
-21412 (base 10) to base 16
-53a4
2112131 (base 4) to base 8
22635
Convert 11011111 (base 2) to base 6.
1011
What is -1100 (base 2) in base 7?
-15
1b42 (base 15) to base 16
1718
12335 (base 6) to base 16
743
Convert -253 (base 8) to base 6.
-443
Convert -244 (base 9) to base 7.
-406
-56614 (base 7) to base 14
-5344
Convert -10010001011000001 (base 2) to base 10.
-74433
What is -143125 (base 6) in base 2?
-11010101011101
-267 (base 11) to base 13
-1b3
Convert 111100000110011 (base 2) to base 5.
1441041
What is -421 (base 7) in base 13?
-133
What is 49e (base 15) in base 16?
419
What is -111101011 (base 2) in base 9?
-605
Convert 518 (base 9) to base 4.
12212
What is 1428 (base 11) in base 16?
735
Convert -11001011000 (base 2) to base 13.
-97c
What is -1022011121 (base 3) in base 12?
-12a07
4314 (base 8) to base 14
b6c
What is 1b88a (base 12) in base 4?
22000222
Convert -120324 (base 5) to base 3.
-20010100
What is -13410 (base 5) in base 4?
-101101
1041 (base 7) to base 15
19c
120222 (base 3) to base 5
3211
What is 2102 (base 12) in base 15?
1102
What is -333322 (base 4) in base 9?
-5544
-435 (base 10) to base 9
-533
What is -211210 (base 4) in base 12?
-1484
What is -7523 (base 9) in base 4?
-1112121
What is 22435 (base 10) in base 6?
251511
-797 (base 14) to base 8
-2741
What is -7447 (base 9) in base 16?
-155e
110111000111 (base 2) to base 16
dc7
298 (base 16) to base 5
10124
What is 772 (base 8) in base 12?
362
What is 221101 (base 4) in base 3?
10121211
-3b6 (base 12) to base 13
-34b
What is 381 (base 13) in base 8?
1144
What is 16323 (base 10) in base 13?
7578
3102 (base 4) to base 11
181
Convert 1212122 (base 4) to base 3.
22222202
What is 112510 (base 6) in base 15?
2d10
-11728 (base 9) to base 10
-7883
-17f6 (base 16) to base 2
-1011111110110
Convert -250 (base 9) to base 7.
-414
-347 (base 9) to base 3
-101121
What is -6124 (base 7) in base 8?
-4115
What is b49 (base 14) in base 16?
8ad
Convert -8505 (base 11) to base 12.
-6622
Convert 374 (base 10) to base 15.
19e
What is 1408a (base 14) in base 3?
2111220212
-711 (base 10) to base 6
-3143
What is 59b9 (base 12) in base 16?
275d
Convert 31204 (base 5) to base 15.
91e
Convert 10111110011 (base 2) to base 6.
11015
Convert 1262 (base 11) to base 8.
3151
What is -34102 (base 5) in base 14?
-c38
-501 (base 7) to base 5
-1441
What is -110011110110000 (base 2) in base 7?
-140250
215251 (base 7) to base 10
37864
-4352 (base 7) to base 14
-7d2
-1570 (base 16) to base 6
-41224
-2002010 (base 3) to base 6
-11003
329 (base 15) to base 8
1312
What is -1343 (base 10) in base 2?
-10100111111
What is -1100212 (base 3) in base 8?
-1743
What is 16186 (base 10) in base 16?
3f3a
What is -212212 (base 3) in base 4?
-22010
-1147 (base 9) to base 16
-355
Convert -183 (base 13) to base 9.
-336
What is -2323301 (base 4) in base 7?
-50015
-56336 (base 7) to base 16
-379d
Convert -101011011 (base 2) to base 10.
-347
What is -1542 (base 11) in base 5?
-30412
-3112123 (base 5) to base 15
-10143
8a (base 15) to base 9
154
What is 64 (base 14) in base 11?
80
-10110010001 (base 2) to base 15
-650
-85d (base 15) to base 13
-b23
Convert 1810 (base 10) to base 12.
106a
Convert 965a (base 14) to base 13.
ba74
What is -26371 (base 9) in base 6?
-214231
Convert -2419 (base 10) to base 15.
-ab4
Convert 24324 (base 5) to base 8.
3457
Convert 2100 (base 5) to base 6.
1135
Convert -6423 (base 11) to base 4.
-2010233
What is -2106 (base 7) in base 16?
-2e5
Convert d5 (base 16) to base 3.
21220
What is -1302 (base 5) in base 3?
-21111
What is 102c (base 16) in base 3?
12200100
11b (base 16) to base 15
13d
Convert -1792 (base 12) to base 4.
-230132
Convert 232242 (base 5) to base 4.
2003333
Convert -142 (base 16) to base 7.
-640
What is 44152 (base 8) in base 10?
18538
Convert 3012 (base 7) to base 13.
61b
d36 (base 15) to base 14
1128
2656 (base 13) to base 11
4131
-254 (base 8) to base 11
-147
Convert bbd (base 14) to base 7.
6526
What is -1203 (base 7) in base 8?
-674
What is 147 (base 9) in base 4?
1330
What is -2817 (base 12) in base 15?
-1587
What is -2055 (base 9) in base 5?
-22013
20122 (base 3) to base 8
263
3010 (base 5) to base 6
1432
What is -101011111 (base 2) in base 8?
-537
Convert 6538 (base 9) to base 15.
165e
What is 1a49 (base 12) in base 9?
4373
What is -420 (base 7) in base 10?
-210
What is 6910 (base 13) in base 12?
8624
What is -6420 (base 10) in base 7?
-24501
-33c (base 14) to base 7
-1605
419 (base 15) to base 4
32130
Convert 3001011 (base 4) to base 2.
11000001000101
1000022111 (base 3) to base 5
1114122
Convert -4850 (base 16) to base 5.
-1043022
What is 3424242 (base 5) in base 15?
131ec
Convert -12122201 (base 3) to base 2.
-1000000011011
What is -12021 (base 6) in base 12?
-1011
266 (base 14) to base 3
122212
Convert -2245 (base 7) to base 14.
-425
What is 1132 (base 7) in base 10?
415
What is -9560 (base 10) in base 2?
-10010101011000
Convert ade3 (base 15) to base 8.
110030
What is 10539 (base 14) in base 9?
60100
1306 (base 12) to base 5
32131
What is -11100111100111 (base 2) in base 12?
-86b3
10210200 (base 3) to base 9
3720
-13334 (base 8) to base 16
-16dc
Convert -1723 (base 9) to base 8.
-2445
-402 (base 6) to base 4
-2102
What is -22413 (base 5) in base 12?
-b20
Convert 2000 (base 6) to base 4.
12300
Convert -220024 (base 5) to base 2.
-1110101011010
Convert -d5 (base 15) to base 12.
-148
-212230 (base 4) to base 7
-10135
524 (base 14) to base 7
2644
What is 2820 (base 16) in base 8?
24040
Convert -641 (base 10) to base 7.
-1604
What is -259c (base 14) in base 4?
-1213032
Convert -322261 (base 7) to base 6.
-1111254
Convert 400 (base 6) to base 13.
b1
334 (base 16) to base 2
1100110100
Convert -2205 (base 14) to base 4.
-1123331
-9a20 (base 12) to base 2
-100001001111000
Convert -515 (base 6) to base 12.
-13b
What is -17f (base 16) in base 8?
-577
10333 (base 6) to base 10
1425
-1b1 (base 12) to base 13
-184
Convert 377 (base 12) to base 11.
436
What is -391 (base 11) in base 3?
-122011
Convert 1020 (base 6) to base 7.
444
What is 14141 (base 5) in base 16?
493
11416 (base 7) to base 9
4041
Convert -3238 (base 9) to base 3.
-10021022
What is -3204 (base 5) in base 8?
-655
Convert e549 (base 15) to base 13.
19086
What is -3003 (base 4) in base 6?
-523
What is 203330 (base 5) in base 2?
1101000111011
What is 40113 (base 6) in base 11?
3a24
Convert -100100100011010 (base 2) to base 8.
-44432
-1030c (base 13) to base 15
-893a
Convert 31021 (base 5) to base 15.
8e1
-22002011 (base 3) to base 11
-4475
What is -4b3 (base 16) in base 6?
-5323
Convert 2467 (base 15) to base 14.
2b75
What is 50215 (base 6) in base 7?
25064
Convert -453325 (base 6) to base 5.
-2211412
Convert -231c (base 14) to base 3.
-22101000
What is 430155 (base 6) in base 11?
24386
What is 90 (base 12) in base 8?
154
Convert -130511 (base 6) to base 5.
-334401
119 (base 12) to base 15
b0
What is -171a0 (base 12) in base 2?
-1000000101001000
What is 63 (base 9) in base 11?
52
What is -232004 (base 5) in base 4?
-2002323
-445 (base 9) to base 8
-555
Convert 21404 (base 5) to base 7.
4212
-73 (base 13) to base 3
-10111
What is -869 (base 12) in base 4?
-103101
40031 (base 5) to base 9
3405
-3c0 (base 14) to base 6
-3300
What is 460 (base 7) in base 16?
ee
Convert -211131 (base 4) to base 5.
-34042
Convert -103010 (base 4) to base 10.
-1220
What is -10050 (base 6) in base 2?
-10100101110
Convert 35 (base 12) to base 8.
51
Convert -514 (base 16) to base 14.
-68c
Convert 2003400 (base 5) to base 8.
75755
15693 (base 11) to base 8
53154
Convert -2101121200 (base 3) to base 8.
-134002
Convert -99 (base 15) to base 2.
-10010000
What is -27a1 (base 13) in base 16?
-164c
What is 19971 (base 10) in base 6?
232243
What is -2632 (base 7) in base 16?
-3eb
-140657 (base 8) to base 12
-2483b
What is -7177 (base 8) in base 13?
-18c6
3054 (base 7) to base 8
2054
What is -10885 (base 11) in base 12?
-9106
What is 31 (base 5) in base 6?
24
Convert 211122122 (base 3) to base 11.
11453
3010 (base 5) to base 16
17c
Convert -11000010001 (base 2) to base 15.
-6d8
18280 (base 10) to base 15
563a
Convert